Is 557 a multiple of 25?
False
Is 41 a factor of 24764?
True
Is 11 a multiple of 11?
True
Is 41 a factor of 4674?
True
Is 2704 a multiple of 52?
True
Does 7 divide 835?
False
Is 6989 a multiple of 49?
False
Is 7 a factor of 2450?
True
Is 5 a factor of 533?
False
Is 14 a factor of 3444?
True
Is 4484 a multiple of 59?
True
Is 8 a factor of 864?
True
Is 2378 a multiple of 3?
False
Is 8262 a multiple of 162?
True
Is 33798 a multiple of 69?
False
Does 11 divide 5423?
True
Is 1941 a multiple of 6?
False
Is 103 a multiple of 3?
False
Is 14 a factor of 133?
False
Is 30266 a multiple of 4?
False
Does 23 divide 20405?
False
Is 46191 a multiple of 19?
False
Is 1587 a multiple of 70?
False
Is 5 a factor of 253?
False
Is 5994 a multiple of 2?
True
Is 19 a multiple of 4?
False
Does 35 divide 47068?
False
Does 52 divide 6760?
True
Is 11346 a multiple of 183?
True
Does 4 divide 2031?
False
Is 9513 a multiple of 11?
False
Does 16 divide 6098?
False
Is 3634 a multiple of 74?
False
Is 12 a factor of 1323?
False
Does 26 divide 132462?
False
Is 7 a factor of 151?
False
Is 29 a factor of 203?
True
Does 32 divide 1382?
False
Is 10540 a multiple of 62?
True
Is 396 a multiple of 11?
True
Is 838 a multiple of 47?
False
Is 12 a factor of 207?
False
Is 2054 a multiple of 32?
False
Is 58 a factor of 17898?
False
Is 152 a factor of 28839?
False
Does 19 divide 646?
True
Does 3 divide 7128?
True
Does 36 divide 20727?
False
Is 12413 a multiple of 103?
False
Does 51 divide 3700?
False
Does 159 divide 36411?
True
Does 103 divide 17600?
False
Does 11 divide 946?
True
Does 12 divide 156?
True
Is 110 a factor of 10780?
True
Is 20 a factor of 1840?
True
Is 48 a factor of 11040?
True
Is 28 a factor of 2324?
True
Is 52418 a multiple of 15?
False
Is 103 a factor of 1070?
False
Does 14 divide 16824?
False
Is 5 a factor of 6251?
False
Is 701 a multiple of 101?
False
Does 76 divide 1106?
False
Does 16 divide 496?
True
Is 31 a factor of 8915?
False
Is 36960 a multiple of 110?
True
Does 10 divide 2200?
True
Is 160 a factor of 34734?
False
Is 38 a factor of 76?
True
Does 19 divide 874?
True
Is 2171 even?
False
Is 26096 a multiple of 56?
True
Is 29024 a multiple of 16?
True
Is 55 a multiple of 2?
False
Is 37080 a multiple of 10?
True
Is 49 a factor of 967?
False
Does 87 divide 9048?
True
Is 9 a factor of 7722?
True
Is 483 a multiple of 15?
False
Is 104 a factor of 624?
True
Does 20 divide 1196?
False
Does 109 divide 21937?
False
Is 22 a factor of 43174?
False
Is 1286 a multiple of 62?
False
Is 6 a factor of 26826?
True
Is 98 a factor of 27734?
True
Does 5 divide 285?
True
Does 16 divide 552?
False
Is 781 a multiple of 9?
False
Does 23 divide 3059?
True
Is 1031 a multiple of 44?
False
Is 27 a factor of 15984?
True
Is 25 a factor of 1125?
True
Does 30 divide 410?
False
Is 77 a factor of 365?
False
Is 6111 a multiple of 63?
True
Does 10 divide 160?
True
Is 4048 a multiple of 77?
False
Is 471 a multiple of 15?
False
Does 20 divide 3640?
True
Is 1585 a multiple of 16?
False
Does 55 divide 935?
True
Does 136 divide 7312?
False
Is 1456 a multiple of 56?
True
Is 1197 a multiple of 9?
True
Does 13 divide 247?
True
Is 16 a factor of 2117?
False
Does 50 divide 1140?
False
Is 1408 a multiple of 69?
False
Is 59 a factor of 267?
False
Is 16 a factor of 6080?
True
Does 24 divide 192?
True
Does 36 divide 8491?
False
Does 16 divide 3925?
False
Is 5285 a multiple of 72?
False
Is 102 a factor of 621?
False
Is 7 a factor of 5236?
True
Is 67 a factor of 1876?
True
Is 22260 a multiple of 112?
False
Does 141 divide 1410?
True
Is 30 a factor of 3085?
False
Does 42 divide 3990?
True
Does 8 divide 10517?
False
Is 23 a factor of 3473?
True
Is 9 a factor of 49824?
True
Does 12 divide 505?
False
Is 3498 a multiple of 9?
False
Is 464 a multiple of 3?
False
Does 23 divide 3082?
True
Does 105 divide 7404?
False
Does 119 divide 2263?
False
Is 25 a factor of 2050?
True
Is 6 a factor of 819?
False
Does 13 divide 23625?
False
Does 19 divide 13794?
True
Is 463 a multiple of 12?
False
Does 55 divide 878?
False
Is 18 a factor of 1421?
False
Is 1172 a multiple of 49?
False
Does 118 divide 236?
True
Is 314 a multiple of 10?
False
Is 397 a multiple of 16?
False
Is 12320 a multiple of 112?
True
Is 23256 a multiple of 153?
True
Does 195 divide 6826?
False
Is 68298 a multiple of 161?
False
Does 12 divide 1104?
True
Is 30 a factor of 6300?
True
Is 73 a factor of 8176?
True
Is 2448 a multiple of 48?
True
Is 3 a factor of 3453?
True
Is 22 a factor of 7288?
False
Does 122 divide 1298?
False
Does 8 divide 2528?
True
Is 9 a factor of 27171?
True
Is 261 a multiple of 3?
True
Does 29 divide 3359?
False
Is 2417 a multiple of 16?
False
Is 94 a factor of 11938?
True
Is 27 a factor of 2808?
True
Is 3039 a multiple of 18?
False
Does 102 divide 46614?
True
Is 19 a factor of 33241?
False
Is 25299 a multiple of 52?
False
Is 36551 a multiple of 26?
False
Is 5354 a multiple of 4?
False
Does 5 divide 3819?
False
Is 209 a multiple of 11?
True
Does 24 divide 156720?
True
Is 22 a factor of 1887?
False
Is 151 a factor of 12684?
True
Is 16 a factor of 1456?
True
Does 4 divide 778?
False
Is 10 a factor of 30050?
True
Does 97 divide 24850?
False
Does 7 divide 5468?
False
Is 28105 a multiple of 73?
True
Is 3 a factor of 75?
True
Is 68 a factor of 14008?
True
Is 7990 a multiple of 34?
True
Is 5 a factor of 115?
True
Is 1765 a multiple of 7?
False
Is 25 a factor of 3500?
True
Is 4 a factor of 249?
False
Does 13 divide 1170?
True
Is 36 a factor of 11587?
False
Does 11 divide 462?
True
Is 18 a factor of 2070?
True
Is 106 a factor of 2226?
True
Does 62 divide 3968?
True
Is 4802 a multiple of 7?
True
Does 54 divide 1939?
False
Is 12 a factor of 8340?
True
Is 23 a factor of 15479?
True
Does 4 divide 344?
True
Is 49 a factor of 10863?
False
Does 73 divide 1387?
True
Is 10 a factor of 15970?
True
Is 13 a factor of 883?
False
Does 28 divide 784?
True
Is 16 a factor of 752?
True
Is 4305 a multiple of 5?
True
Does 333 divide 27306?
True
Does 398 divide 84535?
False
Is 16313 a multiple of 10?
False
Is 4 a factor of 10647?
False
Is 36 a factor of 1963?
False
Is 440 a multiple of 4?
True
Is 32640 a multiple of 32?
True
Does 39 divide 2012?
False
Is 549 a multiple of 3?
True
Is 67 a factor of 882?
False
Does 24 divide 1120?
False
Is 1957 a multiple of 19?
True
Is 29 a factor of 232?
True
Does 22 divide 66088?
True
Is 33660 a multiple of 17?
True
Is 4760 a multiple of 280?
True
Is 4 a factor of 310?
False
Is 22 a factor of 21692?
True
Is 1867 a multiple of 7?
False
Does 4 divide 130?
False
Is 6876 a multiple of 18?
True
Is 31 a factor of 202?
False
Is 8 a factor of 78?
False
Is 8 a factor of 660?
False
Does 6 divide 16429?
False
Is 6 a factor of 170?
False
Does 384 divide 77184?
True
Is 405 a multiple of 135?
True
Is 43 a factor of 2593?
False
Is 5 a factor of 420?
True
Is 2565 a multiple of 22?
False
Is 22 a factor of 52464?
False
Does 62 divide 11510?
False
Does 156 divide 15186?
False
Is 83805 a multiple of 271?
False
Does 7 divide 48021?
False
Is 68 a factor of 21692?
True
Is 18 a factor of 16776?
True
Is 11 a factor of 707?
False
Does 9 divide 14292?
True
Does 42 divide 1501?
False
Is 2108 a multiple of 53?
False
Is 173740 a multiple of 29?
False
Is 288 a multiple of 16?
True
Is 3 a factor of 1484?
False
Is 11508 a multiple of 12?
True
Does 9 divide 35?
False
Does 9 divide 28389?
False
Is 526 a multiple of 9?
False
Is 1696 a multiple of 53?
True
Is 157 a multiple of 2?
False
Is 51 a factor of 5988?
False
Is 2050 a multiple of 25?
True
Is 252 a factor of 14868?
True
Does 102 divide 918?
True
Is 7 a factor of 2702?
True
Is 111 a factor of 1443?
True
Is 7 a factor of 502?
False
Does 10 divide 490?
True
Is 47 a factor of 21808?
True
Does 70 divide 1177?
False
Is 6781 a multiple of 12?
False
Is 1856 a multiple of 8?
True
Is 5206 a multiple of 20?
False
Is 74 a factor of 2220?
True
Is 66 a factor of 36571?
False
Is 5061 a multiple of 21?
True
Is 28980 a multiple of 138?
True
Does 14 divide 14?
True
Is 26085 a multiple of 5?
True
Is 20 a factor of 2040?
True
Is 174 a factor of 52219?
False
Is 63 a factor of 1124?
False
Is 83 a factor of 5644?
True
Is 1430 a multiple of 10?
True
Is 77975 a multiple of 58?
False
Is 238 a multiple of 33?
False
Does 56 divide 486?
False
Is 280 a 